 l(b) = -2*b + 25. Suppose -22*g + 11 = -21*g. Let v be l(g). Suppose 3*f - 3*w = -f + 522, -v*f = -5*w - 386. What is the units digit of f?
2
Suppose -5*c + 47017 = 10437. What is the units digit of c?
6
Suppose 6*b - 46 = 44. What is the tens digit of ((-18)/b)/(6/15) + 58?
5
Let m = -143 + 145. What is the units digit of 1 + 2 + m + (2 - -695)?
2
What is the units digit of (2307/(-6))/((-255)/(-20) - 13)?
8
Let f(w) = -w**2 + w + 35. Let s be f(6). Suppose q = -1, 5*g + 0*g - s*q = 3180. What is the tens digit of g?
3
Suppose 159*o - 2742007 = -300376 + 5046474. What is the units digit of o?
5
What is the tens digit of ((-36)/(-1))/((-10)/275)*(-42)/10?
5
What is the tens digit of (33/(-3) + -1)/((-884)/1122238)?
3
Let g = -1250 - -2286. Let d = g - 576. Suppose 2*u - 365 = -3*v, -3*v + d = 4*u - 279. What is the hundreds digit of u?
1
Let q(u) = u**2 + u + 699. Let s be q(0). Suppose -3*h + 0*h + s = 0. Let x = 356 - h. What is the units digit of x?
3
Suppose m = 5*k - 1686, -2*m - 1391 = -5*k + 291. Let x = 371 - k. What is the units digit of x?
3
Let x = -85 - -349. Suppose 4*i - x = -5*q, 16 = -0*q - 4*q. Let g = i + -34. What is the tens digit of g?
3
Let c = 20297 + -13714. What is the hundreds digit of c?
5
Suppose -4*l + 20 = 0, 2*u + 694 = 5*u + 2*l. What is the hundreds digit of 2237/6 + (-190)/u?
3
Suppose 0 = 2*i + 3 - 5. Suppose 0 = -y - 3*x + 8 - 1, x = -y + i. What is the tens digit of (12/(-8))/(6/242)*y?
2
Let l be (-3*(-145)/15 - 4) + 2. What is the hundreds digit of (l/3)/(4 + (-1300)/328)?
2
Let z(t) = 335*t**2 - 133*t - 921. What is the thousands digit of z(-7)?
6
Suppose -5*b = -3*q + 7, 3*q + b + 36 = 13. Let o(u) = u**3 + 6*u**2 + 2*u - 6. Let j(g) = g**2 - 1. Let t(s) = 6*j(s) - o(s). What is the units digit of t(q)?
8
Let q be (-36)/234 + 82*3/78. Let b be (-24)/(-2)*4/12. Suppose -12 = -q*i, o - 2*i - 14 = -b*i. What is the units digit of o?
6
Let h be -2*7/2 + 5. Let p(j) = 95*j**2 - j - 7. What is the units digit of p(h)?
5
What is the thousands digit of 752785/22*(-28)/(-35)?
7
What is the thousands digit of (18 - -6219) + 24/(-3)?
6
Let a = -68 - -70. Let w be 246 + 12/3 + a. Suppose -2*q + w = n + n, 3*q + 622 = 5*n. What is the units digit of n?
5
Let q be -1 + (-20)/(1 - 5). Suppose -q*i = -11*i + 679. What is the tens digit of i?
9
Suppose 9*x = -23 + 41. Suppose 2*n - 8 = -x*n, 0 = 5*w + 2*n - 1664. What is the units digit of w?
2
Let k(q) = -398*q + 1477. What is the hundreds digit of k(-4)?
0
Let y(l) = l**3 + 6*l**2 + 5*l - 6. Let n be (-5)/(0 - (0 + -1)). Let x be y(n). Let d = 53 - x. What is the tens digit of d?
5
Suppose -64 = q - 9*q. What is the tens digit of (92/(-2))/((q/(-37))/4)?
5
Suppose 14*n - o = 9*n + 852, -2*n + 330 = 5*o. Let y = 251 + n. What is the tens digit of y?
2
Suppose 4*m - 11 = -5*k, -2*m = -0*k + k - 1. Let j(x) = -33*x**3 - x - 1. Let d be j(m). Suppose 5*z - d = 392. What is the tens digit of z?
8
Let s = 3127 - -1488. What is the thousands digit of s?
4
What is the tens digit of (-19385)/((-24)/16*2 - 2)?
7
Let l(y) = -17*y + 209. Let a be l(13). What is the units digit of (-5596)/(-7) + a/28?
9
Let i(s) = 604*s**3 + 2*s**2 - 4*s + 16. What is the units digit of i(3)?
0
Let p(k) = 35*k**3 - k**2 + 2*k + 2. Suppose 5*g + 15 = -5*d - 15, -g - 14 = 3*d. Let o be p(g). Let y = 424 + o. What is the units digit of y?
8
What is the tens digit of (-224748)/(-33) + (-66)/121?
1
Let z = 38 - 33. Suppose 440 = z*a - 2*g - g, -a + 66 = -5*g. Suppose -53*y - a = -54*y. What is the tens digit of y?
9
Let c(s) = -32*s**3 - 2*s**2 - 26*s. What is the hundreds digit of c(-5)?
0
Let o = 15507 + -1443. Suppose 27*a = 11*a + o. What is the tens digit of a?
7
Let g = 33 - 30. Suppose 156 + 48 = -g*d. Let j = -26 - d. What is the units digit of j?
2
Suppose -2*x = 2*x, -22*o - 5*x = -24*o + 14036. What is the thousands digit of o?
7
Let t(s) = 15*s**2 - 163*s + 6768. What is the units digit of t(43)?
4
Suppose -2*a - 885*b = -884*b - 39263, 4*a - 4*b - 78496 = 0. What is the ten thousands digit of a?
1
Let y(x) = 2*x**2 - 21*x - 4. Let u be y(11). Suppose u*m + 464 = -m. Let v = m - -92. What is the units digit of v?
4
Suppose 5760*m - 5706*m = 94932. What is the tens digit of m?
5
Let f(g) be the second derivative of -g**3/3 + 13*g**2 + 9*g. Let b be f(13). Let q = b + 77. What is the tens digit of q?
7
Suppose 0 = 2*l - 2*m + 7*m - 1336, -3*l = -4*m - 2050. What is the tens digit of l?
7
Let r = 4 - 2. Suppose -2*d - r*p + 89 = 3*p, p = 5*d - 155. Suppose -8*z - d = -9*z. What is the units digit of z?
2
Let l(u) = -29*u**3 + 4*u**2 - 4*u + 6. Suppose -30*b + 24*b - 18 = 0. What is the tens digit of l(b)?
3
Let g(w) = -5*w**3 + w**2 - w. Let a be g(1). Let n(y) = 12*y - 2. Let z(i) = i + 1. Let d(v) = -3*n(v) + 12*z(v). What is the units digit of d(a)?
8
Let k = -27553 + 60784. What is the ten thousands digit of k?
3
Let z = 6931 - 2336. What is the tens digit of z?
9
Suppose -380*i - 289*i = 19*i - 11197888. What is the tens digit of i?
7
Let r(l) = 32*l + 4. Let b(x) = 3*x + 20. Let c be b(-6). Let q = 0 + c. What is the units digit of r(q)?
8
What is the units digit of 78062 - 2/5*(-265 + 240)?
2
Suppose -4*c + 65 = -c + y, y - 107 = -5*c. Let a be (-21)/6*12/c. What is the units digit of 32/1*(-1 - 3/a)?
6
Let d(k) = 10*k**2 + 6*k + 173. What is the hundreds digit of d(-18)?
3
Let m(c) = c**2 + 36*c - 289. What is the units digit of m(63)?
8
Let a(s) = 4*s**2 + 32*s + 4. Let r be a(-9). Suppose 0 = -5*y - 3*y + r. Suppose -y*c - 2*b = -695, -4*c + 86 + 457 = -b. What is the tens digit of c?
3
Suppose -3*b + 81732 - 12845 = 4*b. What is the units digit of b?
1
What is the units digit of (12/21)/((-34)/(-157199))?
2
Let d = -618 + 620. What is the tens digit of 237/d*((-24)/(-9) + 2)?
5
Let i = 33 - 142. Let u = i - -203. What is the tens digit of u?
9
Let i(r) = r**2 - 2. Let d be i(-2). Suppose -4*z = -4*l - 1516, -d*z + l + 760 = -3*l. Suppose 8*k - 14*k + z = 0. What is the units digit of k?
3
Let o be ((-2)/(-6)*3)/(4/260). Let h = o - 71. What is the tens digit of 4/(-6)*h - -50?
5
Suppose -5*z + 5*w = 560, 3*w - 450 = -6*z + 10*z. Let u = z - -297. What is the hundreds digit of u?
1
Let k be (-9)/(-6)*(-50)/(-15). Suppose -17*q + 810 = 2*y - 20*q, k*q = -y + 431. What is the tens digit of y?
1
Suppose 26*f = 37*f - 72072. What is the tens digit of f?
5
Let j be (-7 + 8 + -4)/(-3). What is the tens digit of (300/(-80))/((1/(-348))/j)?
0
Suppose -5*a - 73*a = -6*a - 740160. What is the tens digit of a?
8
Suppose 0 = -2*y + 3 + 1. Suppose -4*q = -5*n - 11, -4*q + 1 = -5*q + 5*n. Suppose 6 = y*l + q*l. What is the units digit of l?
1
Suppose 0 = -79*v + 84*v + 230. Let q = v - -275. What is the tens digit of q?
2
Suppose -x = 19 - 17. Let z be (24/32)/(x/(-560)). Let u = -110 + z. What is the hundreds digit of u?
1
Let g be (6/4)/(-1) - (-1770)/20. Suppose -g = -4*x - 15. What is the units digit of (x/(-27))/((-490)/(-246) + -2)?
2
Suppose 42*k - 1723179 = 3*k + 1506099. What is the tens digit of k?
0
Let u be (-1 + 4)/(1/(-3)). Let c(d) = 3*d**2 + 22*d - 113. Let p be c(-11). What is the units digit of 268/p + 0 + u/(-6)?
5
Suppose -82*b = 138730 - 223359 - 164897. What is the hundreds digit of b?
0
Let a = -16327 - -44468. What is the hundreds digit of a?
1
Let q = 22 - 31. Let c = q + 11. Suppose -4*h + c*i = -0*i - 330, -4*i + 242 = 3*h. What is the units digit of h?
2
Let y be 14/((-14)/(-21) - (-4)/(-15)). Suppose -y*d + 1339 = -22*d. What is the units digit of d?
3
Let k be 20/(-32)*-2*4. Suppose -9*j + 4*j + k = 5*i, 0 = 3*i + 4*j. Suppose 0*h + 2*h - 24 = -i*t, -120 = -5*h + 5*t. What is the tens digit of h?
2
Let c(v) = 7*v + 132. Let k be (-2)/(-2)*(26 + 5)*1. What is the hundreds digit of c(k)?
3
Let t = -902 + 2432. What is the units digit of t?
0
Suppose 0 = 2*m + 8, 40*q - 2*m + 6977 = 41*q. What is the tens digit of q?
8
Suppose 2*q - q - 988 = 4*x, -q - 5*x = -970. Suppose -2*u = -2934 + q. What is the hundreds digit of u?
9
Suppose 0 = 8*h - 1247 + 3663. Let o = 830 + h. Suppose -32*c = -28*c - o. What is the tens digit of c?
3
What is the thousands digit of (-44)/(-14 - 8) + 19394*(-1)/(-2)?
9
Let a(i) = -239*i - 574. What is the hundreds digit of a(-23)?
9
What i